{"id":361,"date":"2015-08-11T21:51:17","date_gmt":"2015-08-11T19:51:17","guid":{"rendered":"http:\/\/santosyblazquez.com\/?page_id=361"},"modified":"2021-01-07T18:26:04","modified_gmt":"2021-01-07T17:26:04","slug":"aviso-legal-y-politica-de-privacidad","status":"publish","type":"page","link":"https:\/\/santosyblazquez.com\/index.php\/aviso-legal-y-politica-de-privacidad\/","title":{"rendered":"Aviso Legal y Pol\u00edtica de Privacidad"},"content":{"rendered":"<p>[et_pb_section fb_built=\u00bb1&#8243; inner_shadow=\u00bbon\u00bb fullwidth=\u00bbon\u00bb admin_label=\u00bbsection\u00bb _builder_version=\u00bb3.22&#8243; background_color=\u00bb#2ea3f2&#8243;][et_pb_fullwidth_header title=\u00bbAviso Legal y Pol\u00edtica de Privacidad\u00bb subhead=\u00bbCondiciones generales de uso\u00bb content_max_width=\u00bbnone\u00bb admin_label=\u00bbFullwidth Header\u00bb _builder_version=\u00bb4.7.7&#8243; subhead_font_size=\u00bb20px\u00bb background_color=\u00bbrgba(255, 255, 255, 0)\u00bb hover_enabled=\u00bb0&#8243; button_one_letter_spacing_hover=\u00bb0&#8243; button_two_letter_spacing_hover=\u00bb0&#8243; button_one_text_size__hover_enabled=\u00bboff\u00bb button_two_text_size__hover_enabled=\u00bboff\u00bb button_one_text_color__hover_enabled=\u00bboff\u00bb button_two_text_color__hover_enabled=\u00bboff\u00bb button_one_border_width__hover_enabled=\u00bboff\u00bb button_two_border_width__hover_enabled=\u00bboff\u00bb button_one_border_color__hover_enabled=\u00bboff\u00bb button_two_border_color__hover_enabled=\u00bboff\u00bb button_one_border_radius__hover_enabled=\u00bboff\u00bb button_two_border_radius__hover_enabled=\u00bboff\u00bb button_one_letter_spacing__hover_enabled=\u00bbon\u00bb button_one_letter_spacing__hover=\u00bb0&#8243; button_two_letter_spacing__hover_enabled=\u00bbon\u00bb button_two_letter_spacing__hover=\u00bb0&#8243; button_one_bg_color__hover_enabled=\u00bboff\u00bb button_two_bg_color__hover_enabled=\u00bboff\u00bb sticky_enabled=\u00bb0&#8243;][\/et_pb_fullwidth_header][\/et_pb_section][et_pb_section fb_built=\u00bb1&#8243; specialty=\u00bbon\u00bb admin_label=\u00bbsection\u00bb _builder_version=\u00bb3.22&#8243;][et_pb_column type=\u00bb3_4&#8243; specialty_columns=\u00bb3&#8243; _builder_version=\u00bb3.25&#8243; custom_padding=\u00bb|||\u00bb custom_padding__hover=\u00bb|||\u00bb][et_pb_row_inner admin_label=\u00bbrow_inner\u00bb _builder_version=\u00bb3.25&#8243;][et_pb_column_inner saved_specialty_column_type=\u00bb3_4&#8243; _builder_version=\u00bb3.25&#8243; custom_padding=\u00bb|||\u00bb hover_enabled=\u00bb0&#8243; custom_padding__hover=\u00bb|||\u00bb sticky_enabled=\u00bb0&#8243;][et_pb_text admin_label=\u00bbAviso Legal y Pol\u00edtica\u00bb _builder_version=\u00bb4.7.7&#8243; background_size=\u00bbinitial\u00bb background_position=\u00bbtop_left\u00bb background_repeat=\u00bbrepeat\u00bb hover_enabled=\u00bb0&#8243; use_border_color=\u00bboff\u00bb border_color=\u00bb#ffffff\u00bb border_style=\u00bbsolid\u00bb sticky_enabled=\u00bb0&#8243;]<\/p>\n<h2>Santos Bl\u00e1zquez. Aviso Legal y Pol\u00edtica de Privacidad<\/h2>\n<p><span style=\"color: #999999;\">10:00 horas. Viernes 1 de enero de 2021<\/span><\/p>\n<p style=\"text-align: justify;\">\u00a01. DATOS IDENTIFICATIVOS<\/p>\n<p style=\"text-align: justify;\">En cumplimiento con el deber de informaci\u00f3n recogido en art\u00edculo 10 de la Ley 34\/2002, de 11 de julio, de Servicios de la Sociedad de la Informaci\u00f3n y del Comercio Electr\u00f3nico, los titulares del dominio web son Pedro Herrera y Beatriz Rodr\u00edguez, en adelante Santos Bl\u00e1zquez, con domicilio a estos efectos en Calle Alcal\u00e1 n\u00famero 147, 2\u00ba Izquierda, 28009, Madrid, Espa\u00f1a. Correo electr\u00f3nico de contacto: info@santosyblazquez.com tel\u00e9fono: +34 912 194 042<\/p>\n<p style=\"text-align: justify;\">\u00a02. USUARIOS<\/p>\n<p style=\"text-align: justify;\">El acceso y\/o uso de este portal de Santos Bl\u00e1zquez creadora del sitio web, atribuye la condici\u00f3n de Usuario, que acepta, desde dicho acceso y\/o uso, las Condiciones Generales de Uso aqu\u00ed reflejadas. Las citadas Condiciones ser\u00e1n de aplicaci\u00f3n independientemente de las Condiciones Generales de Contrataci\u00f3n que en su caso resulten de obligado cumplimiento.<\/p>\n<p style=\"text-align: justify;\">\u00a03. USO DEL PORTAL<\/p>\n<p style=\"text-align: justify;\">www.santosyblazquez.com proporciona el acceso a informaci\u00f3n, servicios y dem\u00e1s en Internet, pertenecientes a Santos Bl\u00e1zquez a los que el Usuario pueda tener acceso. El Usuario asume la responsabilidad del uso del portal. Dicha responsabilidad se extiende al registro que fuese necesario o si fuere el caso, para acceder a determinados servicios o contenidos. En dicho registro, si fuere el caso o fuere necesario, el Usuario ser\u00e1 responsable de aportar informaci\u00f3n veraz y l\u00edcita. Como consecuencia de este registro al Usuario se le puede proporcionar una contrase\u00f1a de la que ser\u00e1 responsable, comprometi\u00e9ndose a hacer un uso diligente y confidencial de la misma. El Usuario se compromete a hacer un uso adecuado de los contenidos que Santos Bl\u00e1zquez ofrece a trav\u00e9s de su portal. Santos Bl\u00e1zquez se reserva el derecho de retirar todos aquellos comentarios y aportaciones que vulneren el respeto a la dignidad de la persona, que sean discriminatorios, xen\u00f3fobos, racistas, pornogr\u00e1ficos, que atenten contra la juventud o la infancia, el orden o la seguridad p\u00fablica o que, a su juicio, no resultaran adecuados para su publicaci\u00f3n. En cualquier caso, Santos Bl\u00e1zquez no ser\u00e1 responsable de las opiniones vertidas por los usuarios a trav\u00e9s de los foros, chats, u otras herramientas de participaci\u00f3n con los que el sitio web pudiere contar.<\/p>\n<p style=\"text-align: justify;\">\u00a04. PROTECCI\u00d3N DE DATOS<\/p>\n<p style=\"text-align: justify;\">Santos Bl\u00e1zquez cumple con las directrices de la Ley Org\u00e1nica 15\/1999 de 13 de diciembre de Protecci\u00f3n de Datos de Car\u00e1cter Personal, el Real Decreto 1720\/2007 de 21 de diciembre por el que se aprueba el Reglamento de desarrollo de la Ley Org\u00e1nica y dem\u00e1s normativa vigente en cada momento, y vela por garantizar un correcto uso y tratamiento de los datos personales del usuario. Para ello, junto a cada formulario de recabo de datos de car\u00e1cter personal, si fuere \u00e9ste el caso, en los servicios que el usuario pueda solicitar a Santos Bl\u00e1zquez, hace saber al Usuario de la existencia y aceptaci\u00f3n de las condiciones particulares del tratamiento de sus datos en cada caso, inform\u00e1ndole de la responsabilidad del fichero creado, la direcci\u00f3n del responsable, la posibilidad de ejercer sus derechos de acceso, rectificaci\u00f3n, cancelaci\u00f3n u oposici\u00f3n, la finalidad del tratamiento y las comunicaciones de datos a terceros en su caso. Asimismo, Santos Bl\u00e1zquez informa que da cumplimiento a la Ley 34\/2002 de 11 de julio, de Servicios de la Sociedad de la Informaci\u00f3n y el Comercio Electr\u00f3nico y le solicitar\u00e1 su consentimiento al tratamiento de su correo electr\u00f3nico con fines comerciales en cada momento. Santos Bl\u00e1zquez, pone en su conocimiento que utilizamos cookies para personalizar los contenidos que ve al navegar, para satisfacer sus demandas sobre informaci\u00f3n o servicios, para perfilar y mejorar nuestra relaci\u00f3n con el Usuario y adaptarnos asimismo a sus medios tecnol\u00f3gicos. Esta informaci\u00f3n incluye su direcci\u00f3n IP, informaci\u00f3n de las cookies y sobre las p\u00e1ginas que ha visitado. El Usuario tiene la posibilidad de configurar su navegador para ser avisado de la recepci\u00f3n o, en su caso, rechazo de la recepci\u00f3n de cookies en su disco duro, debiendo consultar a tal efecto, las instrucciones y manuales de su navegador para ampliar esta informaci\u00f3n.<\/p>\n<p style=\"text-align: justify;\">\u00a05. PROPIEDAD INTELECTUAL E INDUSTRIAL<\/p>\n<p style=\"text-align: justify;\">Santos Bl\u00e1zquez por s\u00ed o como cesionaria, es titular de todos los derechos de propiedad intelectual e industrial de su p\u00e1gina web, as\u00ed como de los elementos contenidos en la misma, a t\u00edtulo enunciativo, im\u00e1genes, sonido, audio, v\u00eddeo, software o textos; marcas o logotipos, combinaciones de colores, estructura y dise\u00f1o, selecci\u00f3n de materiales usados, programas de ordenador necesarios para su funcionamiento, acceso y uso, etc\u00e9tera, titularidad de Santos Bl\u00e1zquez o bien de sus licenciantes. Todos los derechos reservados. En virtud de lo dispuesto en los art\u00edculos 8 y 32.1, p\u00e1rrafo segundo, de la Ley de Propiedad Intelectual, quedan expresamente prohibidas la reproducci\u00f3n, la distribuci\u00f3n y la comunicaci\u00f3n p\u00fablica, incluida su modalidad de puesta a disposici\u00f3n, de la totalidad o parte de los contenidos de esta p\u00e1gina web, con fines comerciales, en cualquier soporte y por cualquier medio t\u00e9cnico, sin la autorizaci\u00f3n de Santos Bl\u00e1zquez. El Usuario se compromete a respetar los derechos de Propiedad Intelectual e Industrial titularidad de Santos Bl\u00e1zquez, \u00e9ste podr\u00e1 visualizar los elementos del portal siempre y cuando sea, \u00fanica y exclusivamente, para su uso personal y privado. El Usuario deber\u00e1 abstenerse de suprimir, alterar, eludir o manipular cualquier dispositivo de protecci\u00f3n o sistema de seguridad que estuviera instalado en las p\u00e1ginas de Santos Bl\u00e1zquez.<\/p>\n<p style=\"text-align: justify;\">\u00a06. EXCLUSI\u00d3N DE GARANT\u00cdAS Y RESPONSABILIDAD<\/p>\n<p style=\"text-align: justify;\">Santos Bl\u00e1zquez no se hace responsable, en ning\u00fan caso, de los da\u00f1os y perjuicios de cualquier naturaleza que pudieran ocasionar, a t\u00edtulo enunciativo: errores u omisiones en los contenidos, falta de disponibilidad del portal o la transmisi\u00f3n de virus o programas maliciosos o lesivos en los contenidos, a pesar de haber adoptado todas las medidas tecnol\u00f3gicas necesarias para evitarlo.<\/p>\n<p style=\"text-align: justify;\">\u00a07. MODIFICACIONES<\/p>\n<p style=\"text-align: justify;\">Santos Bl\u00e1zquez se reserva el derecho de efectuar sin previo aviso las modificaciones que considere oportunas en su portal, pudiendo cambiar, suprimir o a\u00f1adir tanto los contenidos y servicios que se presten a trav\u00e9s de la misma como la forma en la que \u00e9stos aparezcan presentados o localizados en su portal.<\/p>\n<p style=\"text-align: justify;\">8. ENLACES<\/p>\n<p style=\"text-align: justify;\">En el caso de que en www.santosyblazquez.com se dispusiesen enlaces o hiperv\u00ednculos hac\u00eda otros sitios de Internet, Santos Bl\u00e1zquez no ejercer\u00e1 ning\u00fan tipo de control sobre dichos sitios y contenidos. En ning\u00fan caso Santos Bl\u00e1zquez asumir\u00e1 responsabilidad alguna por los contenidos de alg\u00fan enlace perteneciente a un sitio web ajeno, ni garantizar\u00e1 la disponibilidad t\u00e9cnica, calidad, fiabilidad, exactitud, amplitud, veracidad, validez y constitucionalidad de cualquier material o informaci\u00f3n contenida en ninguno de dichos hiperv\u00ednculos u otros sitios de Internet. Igualmente la inclusi\u00f3n de estas conexiones externas no implicar\u00e1 ning\u00fan tipo de asociaci\u00f3n, fusi\u00f3n o participaci\u00f3n con las entidades conectadas.<\/p>\n<p style=\"text-align: justify;\">\u00a09. DERECHO DE EXCLUSI\u00d3N<\/p>\n<p style=\"text-align: justify;\">Santos Bl\u00e1zquez se reserva el derecho a denegar o retirar el acceso al portal y\/o los servicios ofrecidos sin necesidad de preaviso, a instancia propia o de un tercero, a aquellos usuarios que incumplan las presentes Condiciones Generales de Uso.<\/p>\n<p style=\"text-align: justify;\">\u00a010. GENERALIDADES<\/p>\n<p style=\"text-align: justify;\">Santos Bl\u00e1zquez perseguir\u00e1 el incumplimiento de las presentes condiciones as\u00ed como cualquier utilizaci\u00f3n indebida de su portal ejerciendo todas las acciones civiles y penales que le puedan corresponder en derecho.<\/p>\n<p style=\"text-align: justify;\">\u00a011. MODIFICACI\u00d3N DE LAS PRESENTES CONDICIONES Y DURACI\u00d3N<\/p>\n<p style=\"text-align: justify;\">Santos Bl\u00e1zquez podr\u00e1 modificar en cualquier momento las condiciones aqu\u00ed determinadas, siendo debidamente publicadas como aqu\u00ed aparecen. La vigencia de las citadas condiciones ir\u00e1 en funci\u00f3n de su exposici\u00f3n y estar\u00e1n vigentes hasta que sean modificadas por otras debidamente publicadas.<\/p>\n<p style=\"text-align: justify;\">\u00a012. LEGISLACI\u00d3N APLICABLE Y JURISDICCI\u00d3N<\/p>\n<p style=\"text-align: justify;\">La relaci\u00f3n entre Santos Bl\u00e1zquez y el Usuario se regir\u00e1 por la normativa espa\u00f1ola vigente y cualquier controversia se someter\u00e1 a los Juzgados y tribunales de la ciudad de Madrid.<\/p>\n<p>[\/et_pb_text][\/et_pb_column_inner][\/et_pb_row_inner][\/et_pb_column][et_pb_column type=\u00bb1_4&#8243; _builder_version=\u00bb3.25&#8243; custom_padding=\u00bb|||\u00bb custom_padding__hover=\u00bb|||\u00bb][\/et_pb_column][\/et_pb_section][et_pb_section fb_built=\u00bb1&#8243; admin_label=\u00bbsection\u00bb _builder_version=\u00bb3.22&#8243;][et_pb_row admin_label=\u00bbrow\u00bb _builder_version=\u00bb3.25&#8243; background_size=\u00bbinitial\u00bb background_position=\u00bbtop_left\u00bb background_repeat=\u00bbrepeat\u00bb][\/et_pb_row][\/et_pb_section]<\/p>\n","protected":false},"excerpt":{"rendered":"<p>Santos Bl\u00e1zquez. Aviso Legal y Pol\u00edtica de Privacidad 10:00 horas. Viernes 1 de enero de 2021 \u00a01. DATOS IDENTIFICATIVOS En cumplimiento con el deber de informaci\u00f3n recogido en art\u00edculo 10 de la Ley 34\/2002, de 11 de julio, de Servicios de la Sociedad de la Informaci\u00f3n y del Comercio Electr\u00f3nico, los titulares del dominio web [&hellip;]<\/p>\n","protected":false},"author":1,"featured_media":0,"parent":0,"menu_order":0,"comment_status":"closed","ping_status":"closed","template":"","meta":{"_et_pb_use_builder":"on","_et_pb_old_content":"","_et_gb_content_width":"","footnotes":""},"class_list":["post-361","page","type-page","status-publish","hentry"],"_links":{"self":[{"href":"https:\/\/santosyblazquez.com\/index.php\/wp-json\/wp\/v2\/pages\/361","targetHints":{"allow":["GET"]}}],"collection":[{"href":"https:\/\/santosyblazquez.com\/index.php\/wp-json\/wp\/v2\/pages"}],"about":[{"href":"https:\/\/santosyblazquez.com\/index.php\/wp-json\/wp\/v2\/types\/page"}],"author":[{"embeddable":true,"href":"https:\/\/santosyblazquez.com\/index.php\/wp-json\/wp\/v2\/users\/1"}],"replies":[{"embeddable":true,"href":"https:\/\/santosyblazquez.com\/index.php\/wp-json\/wp\/v2\/comments?post=361"}],"version-history":[{"count":26,"href":"https:\/\/santosyblazquez.com\/index.php\/wp-json\/wp\/v2\/pages\/361\/revisions"}],"predecessor-version":[{"id":808,"href":"https:\/\/santosyblazquez.com\/index.php\/wp-json\/wp\/v2\/pages\/361\/revisions\/808"}],"wp:attachment":[{"href":"https:\/\/santosyblazquez.com\/index.php\/wp-json\/wp\/v2\/media?parent=361"}],"curies":[{"name":"wp","href":"https:\/\/api.w.org\/{rel}","templated":true}]}}